 k(b) be the third derivative of u(b). Determine k(-1).
5
Let q = 3 + -3. Let x(j) = 282*j**2 - 1 - 2*j + 4 + j - 281*j**2 + 6 + j**3. What is x(q)?
9
Let f(p) = -p**3 + 4*p**2 - 4*p. Let b be (-30)/4*((-20)/6)/5. Suppose 5*t - z - 5 = 7, -3*t - b*z + 24 = 0. Give f(t).
-3
Let w(v) = v**2 + 21*v + 71. Let s(h) = 869*h - 3492. Let x be s(4). Give w(x).
-9
Let p(q) = -2*q**2 - 30*q + 35. Let w be p(-16). Let r(g) = -8*g**2 - g**w + 0*g + g + 2*g + 8*g + 15. Calculate r(-9).
-3
Let g(i) = -2*i**2 - 4*i - 5. Let f(j) = j**3 - 21*j**2 - 23*j + 23. Let w be f(22). Let t(h) = -h**2 - h - 1. Let c(p) = w*g(p) - 3*t(p). Determine c(4).
10
Let g(s) = s**2 - 24*s + 79. Let p be g(21). Let w = 9 - -3. Let y = p - w. Let d(q) = -q**3 + 5*q**2 - 7*q + 5. What is d(y)?
-7
Let s be (-10 + 3 + 5)/(2/(-4)). Let p(c) = -s - 3*c + 1 + 13 + c + 1. Give p(11).
-11
Let l(x) = x + 4. Suppose 18*q = -11*q + 15 + 14. Determine l(q).
5
Let s = -47547 + 47556. Let h(v) be the third derivative of -v**6/120 + 3*v**5/20 - 5*v**3/3 - v**2. Give h(s).
-10
Let v(g) = -9*g**2 + 72*g + 7. Suppose -57*i + 3*x = -53*i - 23, -i + 17 = 3*x. What is v(i)?
7
Let h be (360/135)/((-4)/(-6)). Let v(j) = 3*j - 5 + h + 8. Determine v(-6).
-11
Suppose -13*n = 16*n - 203. Let t(g) = -g + 1. Let w(b) = 4*b**3 - 7*b**2 - 6*b + 0*b**3 + 9 - 3*b**3. Let p(c) = -5*t(c) + w(c). Calculate p(n).
-3
Let w(h) = -24*h**3 + 23*h**2 - 32*h - 15. Let q(m) = -13*m**3 + 13*m**2 - 17*m - 8. Let n(b) = 11*q(b) - 6*w(b). Determine n(-4).
-2
Suppose 408*u - 407*u - 47 = 4*z, -18 = u + z. Let s(q) be the first derivative of q**4/4 + 5*q**3/3 + 5*q + 1. Calculate s(u).
5
Suppose -12 = -24*t + 132. Let m(u) = 2*u + t + 0*u - 3*u + 3*u + 2*u. What is m(5)?
26
Let t = 8 - -15. Suppose 12*q - 91 = 41. Suppose 5*x = -c + t, 4*x = 3*c - x + q. Let n(p) = -2*p - 4. What is n(c)?
-10
Suppose -3*y + 25 = -4*a, 3*a + 21 = -y + 4*y. Suppose -y = h, 5*h - 2*h = 4*p + 31. Let n(q) = q + 14. Give n(p).
4
Let n(g) = 2 + 2 + 253*g - 247*g - 18*g**2 + 17*g**2. What is n(7)?
-3
Suppose -4*h + 12 = -2*f, 5 = -f + h - 0. Let c be -4 + -2*f/(-4). Let q(v) = -3*v - 6. Let j(o) = 7*o + 13. Let p(l) = 2*j(l) + 5*q(l). Give p(c).
2
Let s(x) be the first derivative of x**3 + 115*x**2/2 + 47*x - 1630. Calculate s(-38).
9
Let g(o) = o**3 + 22*o**2 + 5*o + 112. Let r be g(-22). Let j(z) be the third derivative of -21*z**r + 1/24*z**4 - 1/6*z**3 + 0 + 0*z. What is j(0)?
-1
Let y be ((-38)/4 + 9)/(2/8). Suppose -9 = x + 2*x. Let l(n) = 3*n + 6. Let t(z) = -4*z - 7. Let v(j) = x*l(j) + y*t(j). What is v(6)?
-10
Let h be 28/7*(-1)/((-4)/368). Let f = h - 359. Let x(m) = m + 8. Calculate x(f).
17
Suppose -4*q = 4*k - 40, 2*q + 3*k = q + 24. Let m(f) = f**3 + 6*f + 3. Determine m(q).
48
Let k(d) = d**3 - 6*d + 10. Let t be k(3). Let v(r) = 0*r + 9 - t*r + r**2 + 27*r. Calculate v(-6).
-3
Let k(u) = -u**3 + 9*u**2 + 25*u - 34. Let v be k(11). Let z(p) = 2*p**2 - 14*p - 6. Let q(c) = -c**2 + c. Let r(a) = v*z(a) - q(a). What is r(11)?
28
Let i(j) = -31*j - 168. Let m(u) = -130*u + 645. Let l be m(5). Determine i(l).
-13
Let f(r) = -18 - r**2 - 24 - 28 + 58. Suppose 2*z + 10 = -s, 2*z + 5 + 5 = -4*s. Determine f(s).
-12
Let w(a) = 13*a**3 + 31*a**2 - 22*a + 6. Let v(d) = 20*d**3 + 47*d**2 - 34*d + 8. Let j(g) = 11*v(g) - 17*w(g). Calculate j(-10).
-14
Let v(q) = 6*q + 100. Let b be v(-21). Let f be 30/195 - (-4)/b. Let p(x) = x**3 - x**2 + 2*x + 11. Calculate p(f).
11
Let j(y) = -2 - 1773*y - 1784*y - 2 - 5 + 3561*y. Calculate j(-8).
-41
Suppose 30*v + 2*v = 64. Suppose 5*u - 38 = -3*y, -5*y - 32 = -9*y - v*u. Let w(q) be the second derivative of -q**4/12 + q**3 - q**2/2 - 2*q. Calculate w(y).
-1
Let f(s) be the third derivative of -s**5/60 - s**4/8 + 13*s**3/3 - 468*s**2 + 7*s. Determine f(-9).
-28
Let r be (-7*((-54)/42)/3)/((-15)/65). Let v(m) = 3*m**2 + 28*m + 32. Let l(o) = o**2 + 9*o + 11. Let z(i) = 8*l(i) - 3*v(i). What is z(r)?
-21
Let o(s) = 2*s - 2. Suppose 6*a - 126 = -60. Let h(l) = 8*l - 88. Let q be h(a). Calculate o(q).
-2
Suppose -19*l - 2370 = -256*l. Let j(m) be the first derivative of -m**4/4 + 3*m**3 + 5*m**2 - 2*m - 5. What is j(l)?
-2
Let k be 7 - (9 + 31) - -8. Let j(m) = m**3 + 24*m**2 - 29*m - 94. What is j(k)?
6
Let q(l) = -l + 1. Let d(s) = -3*s - 32. Let b be d(-9). Let v(p) = -2*p**2 - 10*p + 1. Let g be v(b). Calculate q(g).
0
Let l(p) be the third derivative of -1/720*p**6 + 0*p - 1/30*p**5 + 25*p**2 + 1/8*p**4 + 0 + 0*p**3. Let b(v) be the second derivative of l(v). Calculate b(6).
-10
Let j = 62 - 16. Suppose -b + 15 = -26. Let c = j - b. Let v(p) = -p**2 + 5*p + 2. What is v(c)?
2
Let k(f) be the second derivative of f**3/3 + 11*f**2 - 51*f + 11. Determine k(16).
54
Let t be ((-19)/(171/6))/((-1)/6). Let d(j) = -1118 + j**2 + 1117 - t*j + 8*j. Calculate d(-4).
-1
Let u(m) be the second derivative of 5*m**3/3 + 77*m**2/2 + 2*m + 117. Give u(-9).
-13
Let q(y) = y**3 - 6*y**2 + 4. Suppose -4*m - 5*k + 11 = 0, 0 = -4*m - 2*k + 101 - 87. Give q(m).
-28
Let l(j) = -3*j**3 + 8*j**2 + 2*j - 4. Let f be l(4). Suppose -5*s + 1 + 4 = 0, 2*i - s + 139 = 0. Let w = i - f. Let z(a) = -a - 6. What is z(w)?
3
Let d(g) = -3*g**3 - 6*g - 20. Let s be d(-2). Suppose -s*v = -15*v + 6. Let n(j) = -j**3 - 6*j**2 - 2*j - 13. Determine n(v).
-1
Let r(z) be the second derivative of -z**6/720 - z**5/30 - z**4/6 + z**2/2 + 6*z - 3. Let m(k) be the third derivative of r(k). Calculate m(-11).
7
Let l(t) = -4*t - 13. Let g(w) = -7*w - 26. Let v(r) = 3*g(r) - 5*l(r). Calculate v(-11).
-2
Let n(c) be the first derivative of 36 - 4*c**2 - 42 - 54 + 2*c. What is n(2)?
-14
Let g(b) be the third derivative of b**5/60 - 23*b**4/24 - 47*b**3/2 - 497*b**2 - b. Determine g(28).
-1
Let u(f) = f**2 + 8*f + 6. Let w = 44 + 39. Suppose w = 5*p + 108. Give u(p).
-9
Let r(j) be the first derivative of j**3 + 15*j**2 + 15*j - 2962. Give r(-8).
-33
Let i = 93 - 91. Suppose -i = q - 4. Let u(p) = -p**2 + 5*p - 1. What is u(q)?
5
Let y(f) = 2*f + 4. Let l be (-1)/(-5) - (-3)/(15/59). Suppose 5*p - s + 37 = 0, -5*s = 4*p + l + 6. Calculate y(p).
-10
Suppose -5*n + 90 = -2*p - p, -2*n + 67 = 5*p. Suppose 0 = -4*j + 5*f + n, 0*f + 4*f = -j. Let g(y) = y**2 - 3*y - 6. Give g(j).
-2
Let n(u) = -2*u**3 + u**2 + 2*u - 2. Suppose 5*j - 112 = 68. Let o be j/(-30)*(-15)/2. Suppose -13*a = -o*a - 8. Calculate n(a).
-10
Let j(h) be the second derivative of h**4/12 + 2*h**3/3 - 3*h**2 + 1912*h + 13. Suppose -3*y = -y + 14. What is j(y)?
15
Let y(p) = -6*p - 2. Let k = -30 - -30. Let n be 60/12 + -8 + k. Give y(n).
16
Let t(k) = k**3 + 6*k**2 + 4*k - 1. Suppose 4*h + s - 37 = 0, h + 16 = 2*h - 2*s. Suppose -4*q = -5*q - h. Let y be (4/4)/(2/q). Determine t(y).
4
Let t(j) be the third derivative of -j**7/5040 - j**6/180 + j**5/15 + 5*j**3/3 - 149*j**2. Let x(z) be the third derivative of t(z). Calculate x(9).
-13
Let v(d) = 6*d - 3*d**2 - 2*d + 5*d**2 + d. Suppose -7*f = 2*f + 83 - 47. What is v(f)?
12
Let q(u) = -4*u + 8. Suppose 16*r + 55*r = -34*r - 735. Calculate q(r).
36
Let j(t) = t**2 + 9*t + 14. Let v be 9/((-1)/10*2 + (-4)/5). What is j(v)?
14
Suppose 33*c - 9 = 30*c. Let u be ((c - 0) + 6)/(1 - 2). Let k(a) = -3*a - 9. Determine k(u).
18
Suppose 56 + 122 = 134*g - 492. Let z(i) = i**2 - 4*i - 16. What is z(g)?
-11
Let g(u) = -u**2 + 4*u - 4. Suppose -18*w + 31*w = 39. Suppose -4*j + w*t = 173, j - 4*j - 117 = 2*t. Let c = -38 - j. Give g(c).
-1
Suppose -w = -4*s + 34, 2 = -2*s + s. Let f = w + 51. Let r(q) = 1 - f*q + 25*q - 5 - 15*q. Give r(6).
2
Let c(z) = z**3 + z**2 + z - 13. Let q = -245 + 251. Suppose 24*k + q = 6. Determine c(k).
-13
Suppose 3*y - m = -0*y, 0 = -4*y - 3*m + 13. Let f(g) be the second derivative of g**3/3 - g**2 + 3564*g - 1. Calculate f(y).
0
Suppose 3*l = 5*x - 13, 8*x = 6*x + 4*l + 8. Suppose 2*j - 4*c + 5 = -j, 5*c - 14 = -4*j. Let z(w) = -w**2 + j + 5*w + w**x + w**2 - 6*w. Determine z(0).
1
Let p(t) = -9289 - 9277 + 18619 + 7*t. What is p(-15)?
-52
Let f(k) be the first derivative of k**4/4 - k**3 - 3*k**2 - 2*k - 5619. Determine f(0).
-2
Let q(y) = 7*y + 1. Let c(x) = 7*x. Let m(r) = 4*c(r) - 5*q(r). Let a(g) = -g. Let w(h) = 6*a(h) - m(h). Determine w(-5).
0
Let y = -211 - -83. Let t be y/20 + 2/5. Let p(x) = -x**3 - 7*x**2 - 8*x + 4.